{"id":314,"date":"2025-03-11T14:28:19","date_gmt":"2025-03-11T14:28:19","guid":{"rendered":"https:\/\/velocom.com.mx\/servicios\/?page_id=314"},"modified":"2025-03-11T14:28:19","modified_gmt":"2025-03-11T14:28:19","slug":"seguridad-y-justicia","status":"publish","type":"page","link":"https:\/\/velocom.com.mx\/servicios\/seguridad-y-justicia\/","title":{"rendered":"Seguridad y Justicia"},"content":{"rendered":"\n<p>Aviso Legal de uso del Portal<\/p>\n\n\n\n<p>La utilizaci\u00f3n de este portal es \u00fanica y exclusivamente para las Autoridades Designadas y facultadas, a que se refieren los Lineamientos de Colaboraci\u00f3n en Materia de Seguridad y Justicia, publicados el pasado 02 de diciembre de 2015, en el Diario Oficial de la Federaci\u00f3n por el Instituto Federal de Telecomunicaciones.<\/p>\n\n\n\n<p>1.- Objeto.<br>El objeto que tiene este portal, consiste en dar cumplimento a lo establecido en el transitorio tercero de los Lineamientos de Colaboraci\u00f3n en Materia de Seguridad y Justicia, publicados el pasado 02 de diciembre de 2015.<\/p>\n\n\n\n<p>2.- Protecci\u00f3n de datos personales.<br>El presente portal no constituye una violaci\u00f3n, ni contra viene a lo establecido en la Ley Federal de Transparencia y Acceso a la Informaci\u00f3n P\u00fablica Gubernamental, as\u00ed como a la Ley Federal de Protecci\u00f3n de Datos Personales en Posesi\u00f3n de los Particulares y los correlativos de sus reglamentos, en virtud de que la informaci\u00f3n entregada ser\u00e1 a autoridades debidamente acreditadas, con fines de apoyo a la impartici\u00f3n de justicia.<\/p>\n\n\n\n<p>Seguridad y Justicia<\/p>\n\n\n\n<p>Correo: seguridad@velocom.com.mx<\/p>\n\n\n\n<p>Tel\u00e9fono de Contacto: 353 5335785<\/p>\n\n\n\n<p>Nombre de Contacto: Lic. Julio Salcedo<\/p>\n\n\n\n<p><\/p>\n","protected":false},"excerpt":{"rendered":"<p>Aviso Legal de uso del Portal La utilizaci\u00f3n de este portal es \u00fanica y exclusivamente para las Autoridades Designadas y facultadas, a que se refieren los Lineamientos de Colaboraci\u00f3n en Materia de Seguridad y Justicia, publicados el pasado 02 de diciembre de 2015, en el Diario Oficial de la Federaci\u00f3n por el Instituto Federal de [&hellip;]<\/p>\n","protected":false},"author":1,"featured_media":0,"parent":0,"menu_order":0,"comment_status":"closed","ping_status":"closed","template":"","meta":{"footnotes":""},"class_list":["post-314","page","type-page","status-publish","hentry"],"blocksy_meta":[],"_links":{"self":[{"href":"https:\/\/velocom.com.mx\/servicios\/wp-json\/wp\/v2\/pages\/314","targetHints":{"allow":["GET"]}}],"collection":[{"href":"https:\/\/velocom.com.mx\/servicios\/wp-json\/wp\/v2\/pages"}],"about":[{"href":"https:\/\/velocom.com.mx\/servicios\/wp-json\/wp\/v2\/types\/page"}],"author":[{"embeddable":true,"href":"https:\/\/velocom.com.mx\/servicios\/wp-json\/wp\/v2\/users\/1"}],"replies":[{"embeddable":true,"href":"https:\/\/velocom.com.mx\/servicios\/wp-json\/wp\/v2\/comments?post=314"}],"version-history":[{"count":1,"href":"https:\/\/velocom.com.mx\/servicios\/wp-json\/wp\/v2\/pages\/314\/revisions"}],"predecessor-version":[{"id":315,"href":"https:\/\/velocom.com.mx\/servicios\/wp-json\/wp\/v2\/pages\/314\/revisions\/315"}],"wp:attachment":[{"href":"https:\/\/velocom.com.mx\/servicios\/wp-json\/wp\/v2\/media?parent=314"}],"curies":[{"name":"wp","href":"https:\/\/api.w.org\/{rel}","templated":true}]}}

<p>Aviso Legal de uso del Portal</p>



<p>La utilización de este portal es única y exclusivamente para las Autoridades Designadas y facultadas, a que se refieren los Lineamientos de Colaboración en Materia de Seguridad y Justicia, publicados el pasado 02 de diciembre de 2015, en el Diario Oficial de la Federación por el Instituto Federal de Telecomunicaciones.</p>



<p>1.- Objeto.<br>El objeto que tiene este portal, consiste en dar cumplimento a lo establecido en el transitorio tercero de los Lineamientos de Colaboración en Materia de Seguridad y Justicia, publicados el pasado 02 de diciembre de 2015.</p>



<p>2.- Protección de datos personales.<br>El presente portal no constituye una violación, ni contra viene a lo establecido en la Ley Federal de Transparencia y Acceso a la Información Pública Gubernamental, así como a la Ley Federal de Protección de Datos Personales en Posesión de los Particulares y los correlativos de sus reglamentos, en virtud de que la información entregada será a autoridades debidamente acreditadas, con fines de apoyo a la impartición de justicia.</p>



<p>Seguridad y Justicia</p>



<p>Correo: seguridad@velocom.com.mx</p>



<p>Teléfono de Contacto: 353 5335785</p>



<p>Nombre de Contacto: Lic. Julio Salcedo</p>



<p></p>

<p>Aviso Legal de uso del Portal La utilización de este portal es única y exclusivamente para las Autoridades Designadas y facultadas, a que se refieren los Lineamientos de Colaboración en Materia de Seguridad y Justicia, publicados el pasado 02 de diciembre de 2015, en el Diario Oficial de la Federación por el Instituto Federal de [&hellip;]</p>
